{"id":974,"date":"2021-07-24T14:00:49","date_gmt":"2021-07-24T14:00:49","guid":{"rendered":"https:\/\/jandjteams.com\/transpro\/?page_id=974"},"modified":"2026-02-26T11:17:35","modified_gmt":"2026-02-26T11:17:35","slug":"contact","status":"publish","type":"page","link":"https:\/\/b-translation.sn\/index.php\/contact\/","title":{"rendered":"Contact"},"content":{"rendered":"\t\t<div data-elementor-type=\"wp-page\" data-elementor-id=\"974\" class=\"elementor elementor-974\">\n\t\t\t\t\t\t<section class=\"elementor-section elementor-top-section elementor-element elementor-element-4091a36 elementor-section-stretched jnj-light-color elementor-section-boxed elementor-section-height-default elementor-section-height-default\" data-id=\"4091a36\" data-element_type=\"section\" data-e-type=\"section\" data-settings=\"{&quot;stretch_section&quot;:&quot;section-stretched&quot;}\">\n\t\t\t\t\t\t<div class=\"elementor-container elementor-column-gap-no\">\n\t\t\t\t\t<div class=\"elementor-column elementor-col-50 elementor-top-column elementor-element elementor-element-679bbbd jnj-transparent-color\" data-id=\"679bbbd\" data-element_type=\"column\" data-e-type=\"column\">\n\t\t\t<div class=\"elementor-widget-wrap elementor-element-populated\">\n\t\t\t\t\t\t<div class=\"elementor-element elementor-element-b421cd3 elementor-widget elementor-widget-jnj-heading\" data-id=\"b421cd3\" data-element_type=\"widget\" data-e-type=\"widget\" data-widget_type=\"jnj-heading.default\">\n\t\t\t\t<div class=\"elementor-widget-container\">\n\t\t\t\t\t\n<div class=\"jnj-heading-item-1 jnj-elementor text-align-left\">     \t<div class=\"jnj-heading-subtitle primary-color\">Entrer en contact.<\/div>         <h3 class=\"jnj-heading-title dark-color\">Des questions ?<\/h3>         <div class=\"jnj-heading-content dark-color\">\n            <p>N\u2019h\u00e9sitez pas \u00e0 nous contacter en utilisant le formulaire ci-dessous. Nous serons ravis de vous r\u00e9pondre et de vous accompagner dans vos projets de traduction.<\/p>        <\/div>     \n\n<\/div> \t\t\t\t<\/div>\n\t\t\t\t<\/div>\n\t\t\t\t<div class=\"elementor-element elementor-element-0d7a9bd elementor-widget elementor-widget-iconbox\" data-id=\"0d7a9bd\" data-element_type=\"widget\" data-e-type=\"widget\" data-widget_type=\"iconbox.default\">\n\t\t\t\t<div class=\"elementor-widget-container\">\n\t\t\t\t\t\n<div class=\"jnj-iconbox-item-4\"> \n        <div class=\"jnj-iconbox-area d-flex\">\n            <div class=\"jnj-iconbox-icon \">                     <img decoding=\"async\" class=\"img\" src=\"https:\/\/themesht.com\/transpro\/wp-content\/uploads\/2022\/06\/idea-1.png\" alt=\"Contact\">            <\/div>\n            <div class=\"jnj-iconbox-details\">\n                \n                <div class=\"jnj-iconbox-heading\">                         <h3 class=\"jnj-iconbox-title color-default\">\n                            Adresse                        <\/h3>                 <\/div>                    <div class=\"jnj-iconbox-content color-default\">\n                        <p>Rue Leon Gontron Damas, Dakar\u00a0<\/p>                    <\/div> \n            <\/div> \n\n        <\/div> \n<\/div>\n \t\t\t\t<\/div>\n\t\t\t\t<\/div>\n\t\t\t\t<section class=\"elementor-section elementor-inner-section elementor-element elementor-element-9323a8f elementor-section-boxed elementor-section-height-default elementor-section-height-default jnj-transparent-color\" data-id=\"9323a8f\" data-element_type=\"section\" data-e-type=\"section\">\n\t\t\t\t\t\t<div class=\"elementor-container elementor-column-gap-no\">\n\t\t\t\t\t<div class=\"elementor-column elementor-col-50 elementor-inner-column elementor-element elementor-element-9f306c5 jnj-transparent-color\" data-id=\"9f306c5\" data-element_type=\"column\" data-e-type=\"column\">\n\t\t\t<div class=\"elementor-widget-wrap elementor-element-populated\">\n\t\t\t\t\t\t<div class=\"elementor-element elementor-element-f08825d elementor-widget elementor-widget-iconbox\" data-id=\"f08825d\" data-element_type=\"widget\" data-e-type=\"widget\" data-widget_type=\"iconbox.default\">\n\t\t\t\t<div class=\"elementor-widget-container\">\n\t\t\t\t\t\n<div class=\"jnj-iconbox-item-4\"> \n        <div class=\"jnj-iconbox-area d-flex\">\n            <div class=\"jnj-iconbox-icon \">                     <img decoding=\"async\" class=\"img\" src=\"https:\/\/themesht.com\/transpro\/wp-content\/uploads\/2022\/06\/support-1.png\" alt=\"Contact\">            <\/div>\n            <div class=\"jnj-iconbox-details\">\n                \n                <div class=\"jnj-iconbox-heading\">                         <h3 class=\"jnj-iconbox-title color-default\">\n                            T\u00e9l\u00e9phone                        <\/h3>                 <\/div>                    <div class=\"jnj-iconbox-content color-default\">\n                        <p>\u00a0+221 77 537 08 57<\/p>                    <\/div> \n            <\/div> \n\n        <\/div> \n<\/div>\n \t\t\t\t<\/div>\n\t\t\t\t<\/div>\n\t\t\t\t\t<\/div>\n\t\t<\/div>\n\t\t\t\t<div class=\"elementor-column elementor-col-50 elementor-inner-column elementor-element elementor-element-f39eb3f jnj-transparent-color\" data-id=\"f39eb3f\" data-element_type=\"column\" data-e-type=\"column\">\n\t\t\t<div class=\"elementor-widget-wrap elementor-element-populated\">\n\t\t\t\t\t\t<div class=\"elementor-element elementor-element-bf28c64 elementor-widget elementor-widget-iconbox\" data-id=\"bf28c64\" data-element_type=\"widget\" data-e-type=\"widget\" data-widget_type=\"iconbox.default\">\n\t\t\t\t<div class=\"elementor-widget-container\">\n\t\t\t\t\t\n<div class=\"jnj-iconbox-item-4\"> \n        <div class=\"jnj-iconbox-area d-flex\">\n            <div class=\"jnj-iconbox-icon \">                     <img decoding=\"async\" class=\"img\" src=\"https:\/\/themesht.com\/transpro\/wp-content\/uploads\/2022\/06\/map-1.png\" alt=\"Contact\">            <\/div>\n            <div class=\"jnj-iconbox-details\">\n                \n                <div class=\"jnj-iconbox-heading\">                         <h3 class=\"jnj-iconbox-title color-default\">\n                            Email                        <\/h3>                 <\/div>                    <div class=\"jnj-iconbox-content color-default\">\n                        <p><a href=\"https:\/\/b-translation.sn\/\">dramemamour614@gmail.com<\/a><\/p>                    <\/div> \n            <\/div> \n\n        <\/div> \n<\/div>\n \t\t\t\t<\/div>\n\t\t\t\t<\/div>\n\t\t\t\t\t<\/div>\n\t\t<\/div>\n\t\t\t\t\t<\/div>\n\t\t<\/section>\n\t\t\t\t\t<\/div>\n\t\t<\/div>\n\t\t\t\t<div class=\"elementor-column elementor-col-50 elementor-top-column elementor-element elementor-element-720462a jnj-transparent-color\" data-id=\"720462a\" data-element_type=\"column\" data-e-type=\"column\">\n\t\t\t<div class=\"elementor-widget-wrap elementor-element-populated\">\n\t\t\t\t\t\t<div class=\"elementor-element elementor-element-aa2e8f3 elementor-widget elementor-widget-jnj-heading\" data-id=\"aa2e8f3\" data-element_type=\"widget\" data-e-type=\"widget\" data-widget_type=\"jnj-heading.default\">\n\t\t\t\t<div class=\"elementor-widget-container\">\n\t\t\t\t\t\n<div class=\"jnj-heading-item-1 jnj-elementor text-align-left\">     \t<div class=\"jnj-heading-subtitle primary-color\">Nous contacter<\/div>         <h3 class=\"jnj-heading-title dark-color\">Envoyez votre message<\/h3>     \n\n<\/div> \t\t\t\t<\/div>\n\t\t\t\t<\/div>\n\t\t\t\t<div class=\"elementor-element elementor-element-8f356d7 elementor-widget elementor-widget-shortcode\" data-id=\"8f356d7\" data-element_type=\"widget\" data-e-type=\"widget\" data-widget_type=\"shortcode.default\">\n\t\t\t\t\t\t\t<div class=\"elementor-shortcode\">\n<div class=\"wpcf7 no-js\" id=\"wpcf7-f3694-o1\" lang=\"en-US\" dir=\"ltr\" data-wpcf7-id=\"3694\">\n<div class=\"screen-reader-response\"><p role=\"status\" aria-live=\"polite\" aria-atomic=\"true\"><\/p> <ul><\/ul><\/div>\n<form action=\"\/index.php\/wp-json\/wp\/v2\/pages\/974#wpcf7-f3694-o1\" method=\"post\" class=\"wpcf7-form init\" aria-label=\"Contact form\" novalidate=\"novalidate\" data-status=\"init\">\n<fieldset class=\"hidden-fields-container\"><input type=\"hidden\" name=\"_wpcf7\" value=\"3694\" \/><input type=\"hidden\" name=\"_wpcf7_version\" value=\"6.1.5\" \/><input type=\"hidden\" name=\"_wpcf7_locale\" value=\"en_US\" \/><input type=\"hidden\" name=\"_wpcf7_unit_tag\" value=\"wpcf7-f3694-o1\" \/><input type=\"hidden\" name=\"_wpcf7_container_post\" value=\"0\" \/><input type=\"hidden\" name=\"_wpcf7_posted_data_hash\" value=\"\" \/>\n<\/fieldset>\n<div class=\"jnj-contact-form\">\n\t<div class=\"row\">\n\t\t<div class=\"col-lg-6 col-md-6 col-sm-12\">\n\t\t\t<p><span class=\"wpcf7-form-control-wrap\" data-name=\"your-email\"><input size=\"40\" maxlength=\"400\" class=\"wpcf7-form-control wpcf7-email wpcf7-validates-as-required wpcf7-text wpcf7-validates-as-email\" aria-required=\"true\" aria-invalid=\"false\" placeholder=\"Votre adresse email\" value=\"\" type=\"email\" name=\"your-email\" \/><\/span>\n\t\t\t<\/p>\n\t\t<\/div>\n\t\t<div class=\"col-lg-6 col-md-6 col-sm-12\">\n\t\t\t<p><span class=\"wpcf7-form-control-wrap\" data-name=\"your-subject\"><input size=\"40\" maxlength=\"400\" class=\"wpcf7-form-control wpcf7-text wpcf7-validates-as-required\" aria-required=\"true\" aria-invalid=\"false\" placeholder=\"Votre site web (facultatif)\" value=\"\" type=\"text\" name=\"your-subject\" \/><\/span>\n\t\t\t<\/p>\n\t\t<\/div>\n\t\t<div class=\"col-lg-12 col-md-12 col-sm-12\">\n\t\t\t<p><span class=\"wpcf7-form-control-wrap\" data-name=\"your-name\"><input size=\"40\" maxlength=\"400\" class=\"wpcf7-form-control wpcf7-text wpcf7-validates-as-required\" aria-required=\"true\" aria-invalid=\"false\" placeholder=\"Votre nom\" value=\"\" type=\"text\" name=\"your-name\" \/><\/span>\n\t\t\t<\/p>\n\t\t<\/div>\n\t\t<div class=\"col-lg-12 col-md-12 col-sm-12\">\n\t\t\t<p><span class=\"wpcf7-form-control-wrap\" data-name=\"your-message\"><textarea cols=\"40\" rows=\"10\" maxlength=\"2000\" class=\"wpcf7-form-control wpcf7-textarea\" aria-invalid=\"false\" placeholder=\"Votre message\" name=\"your-message\"><\/textarea><\/span>\n\t\t\t<\/p>\n\t\t<\/div>\n\t\t<div class=\"col-lg-4 col-md-4 col-sm-12\">\n\t\t\t<p><input class=\"wpcf7-form-control wpcf7-submit has-spinner\" type=\"submit\" value=\"Envoyer le message\" \/>\n\t\t\t<\/p>\n\t\t<\/div>\n\t<\/div>\n<\/div><p style=\"display: none !important;\" class=\"akismet-fields-container\" data-prefix=\"_wpcf7_ak_\"><label>&#916;<textarea name=\"_wpcf7_ak_hp_textarea\" cols=\"45\" rows=\"8\" maxlength=\"100\"><\/textarea><\/label><input type=\"hidden\" id=\"ak_js_1\" name=\"_wpcf7_ak_js\" value=\"85\"\/><script>document.getElementById( \"ak_js_1\" ).setAttribute( \"value\", ( new Date() ).getTime() );<\/script><\/p><div class=\"wpcf7-response-output\" aria-hidden=\"true\"><\/div>\n<\/form>\n<\/div>\n<\/div>\n\t\t\t\t\t\t<\/div>\n\t\t\t\t\t<\/div>\n\t\t<\/div>\n\t\t\t\t\t<\/div>\n\t\t<\/section>\n\t\t\t\t<div class=\"elementor-section elementor-top-section elementor-element elementor-element-44bcf31 elementor-section-full_width elementor-section-stretched elementor-section-height-default elementor-section-height-default jnj-transparent-color\" data-id=\"44bcf31\" data-element_type=\"section\" data-e-type=\"section\" data-settings=\"{&quot;stretch_section&quot;:&quot;section-stretched&quot;}\">\n\t\t\t\t\t\t<div class=\"elementor-container elementor-column-gap-no\">\n\t\t\t\t\t<div class=\"elementor-column elementor-col-100 elementor-top-column elementor-element elementor-element-9f8f043 jnj-transparent-color\" data-id=\"9f8f043\" data-element_type=\"column\" data-e-type=\"column\">\n\t\t\t<div class=\"elementor-widget-wrap elementor-element-populated\">\n\t\t\t\t\t\t<div class=\"elementor-element elementor-element-80b4aeb elementor-widget elementor-widget-google_maps\" data-id=\"80b4aeb\" data-element_type=\"widget\" data-e-type=\"widget\" data-widget_type=\"google_maps.default\">\n\t\t\t\t\t\t\t<div class=\"elementor-custom-embed\">\n\t\t\t<iframe loading=\"lazy\"\n\t\t\t\t\tsrc=\"https:\/\/maps.google.com\/maps?q=Rue%20Leon%20Gontron%20Damas%2C%20Dakar&#038;t=m&#038;z=16&#038;output=embed&#038;iwloc=near\"\n\t\t\t\t\ttitle=\"Rue Leon Gontron Damas, Dakar\"\n\t\t\t\t\taria-label=\"Rue Leon Gontron Damas, Dakar\"\n\t\t\t><\/iframe>\n\t\t<\/div>\n\t\t\t\t\t\t<\/div>\n\t\t\t\t\t<\/div>\n\t\t<\/div>\n\t\t\t\t\t<\/div>\n\t\t<\/div>\n\t\t\t\t<\/div>\n\t\t","protected":false},"excerpt":{"rendered":"<p>Entrer en contact. Des questions ? N\u2019h\u00e9sitez pas \u00e0 nous contacter en utilisant le formulaire ci-dessous. Nous serons ravis de vous r\u00e9pondre et de vous accompagner dans vos projets de traduction. Adresse Rue Leon Gontron Damas, Dakar\u00a0 T\u00e9l\u00e9phone \u00a0+221 77 537 08 57 Email dramemamour614@gmail.com Nous contacter Envoyez votre message<\/p>\n","protected":false},"author":1,"featured_media":0,"parent":0,"menu_order":0,"comment_status":"closed","ping_status":"closed","template":"elementor_header_footer","meta":{"_acf_changed":false,"om_disable_all_campaigns":false,"_monsterinsights_skip_tracking":false,"_monsterinsights_sitenote_active":false,"_monsterinsights_sitenote_note":"","_monsterinsights_sitenote_category":0,"footnotes":""},"class_list":["post-974","page","type-page","status-publish","hentry"],"acf":[],"aioseo_notices":[],"_links":{"self":[{"href":"https:\/\/b-translation.sn\/index.php\/wp-json\/wp\/v2\/pages\/974","targetHints":{"allow":["GET"]}}],"collection":[{"href":"https:\/\/b-translation.sn\/index.php\/wp-json\/wp\/v2\/pages"}],"about":[{"href":"https:\/\/b-translation.sn\/index.php\/wp-json\/wp\/v2\/types\/page"}],"author":[{"embeddable":true,"href":"https:\/\/b-translation.sn\/index.php\/wp-json\/wp\/v2\/users\/1"}],"replies":[{"embeddable":true,"href":"https:\/\/b-translation.sn\/index.php\/wp-json\/wp\/v2\/comments?post=974"}],"version-history":[{"count":11,"href":"https:\/\/b-translation.sn\/index.php\/wp-json\/wp\/v2\/pages\/974\/revisions"}],"predecessor-version":[{"id":9799,"href":"https:\/\/b-translation.sn\/index.php\/wp-json\/wp\/v2\/pages\/974\/revisions\/9799"}],"wp:attachment":[{"href":"https:\/\/b-translation.sn\/index.php\/wp-json\/wp\/v2\/media?parent=974"}],"curies":[{"name":"wp","href":"https:\/\/api.w.org\/{rel}","templated":true}]}}